 t**3 + 4*t**2 - 5. Calculate a(d).
-5
Let l(a) = 2*a + 9*a - 1057*a**3 + 11 + 1056*a**3 - 10*a**2. What is l(-11)?
11
Suppose 5*m = -3*x + 33, 2*m - 3*x - 21 = 9. Let f = m - 8. Let s(p) = 4 + f + 0 + p. What is s(4)?
9
Let p(q) = -1 - 2*q + q + 6. Suppose 0 = 2*a - 3*w - 3, -a - 5 = 4*w + w. What is p(a)?
5
Let l(i) = 3*i - 18. Let v(z) = 2*z - 8. Let g(r) = 2*l(r) - 5*v(r). Determine g(4).
-12
Let t(g) be the third derivative of -g**6/120 - g**5/30 - g**4/24 + 4*g**2 + 4*g. Determine t(-1).
0
Let i be (1/(-2))/((-3)/24). Let u = -6 + i. Let n(l) = 4*l**3 + 3*l**2. Calculate n(u).
-20
Let h(s) = -s**3 - 9*s**2 - 8*s + 2. Let t = -66 + 58. What is h(t)?
2
Let l be (36/15 - 4) + (-2)/5. Let n be 3 + l/7 + (-89)/7. Let g(h) = -h - 5. Calculate g(n).
5
Let d be (4/(-10))/(16/(-280)). Suppose -r - 4*a = a - d, r - 5*a + 3 = 0. Let w = -5 + r. Let f(p) = p**2 + 3. Give f(w).
12
Let h(a) be the third derivative of -a**5/60 - a**4/6 + a**3 - a**2. Suppose 193*r + 177 = -788. Give h(r).
1
Suppose -34 = 5*h - 24. Let c(r) = -5*r**3 - 25*r**2 + 30*r + 4. Let i(b) = -b**3 - 5*b**2 + 6*b + 1. Let f(m) = h*c(m) + 11*i(m). Determine f(-6).
3
Let q(j) be the second derivative of j**5/10 - 5*j**4/6 + j**3/6 - 5*j**2/2 + 389*j. Determine q(5).
0
Let r(q) = q**2 + 11*q - 4. Let w be 28/(-8)*(-144)/(-84). What is r(w)?
-34
Let g be 1/(((-1)/4)/(7 + -8)). Let k be (0 - (g + -9))/(2 - 1). Let b(a) be the third derivative of -a**6/120 + a**5/15 + a**4/4 + a**3/3 + a**2. Give b(k).
7
Let f(l) be the second derivative of l**3/3 - 23*l**2/2 - 256*l. Determine f(15).
7
Suppose -1 = 3*r - 16. Let j(w) = -w**2 - 3*w. Let d(u) = -4*u**2 - 6*u - 3. Let o(g) = -d(g) + 3*j(g). Calculate o(r).
13
Let l(r) = r**2 + 6*r + 1. Let p = 11 + 1. Let c = p + -8. Suppose c*a + 5*u + 19 = 0, -2*u = -0*a - 3*a - 20. Determine l(a).
1
Suppose -8*y = g - 4*y + 22, -5*g - 26 = -y. Let f(p) = p**3 + 5*p**2 - 8*p - 8. Calculate f(g).
4
Let g(h) be the third derivative of h**4/12 + 279*h**2. Let u be (-1)/(-3 - (-50)/16). What is g(u)?
-16
Let v(x) = -9*x**3 - 11*x**2 - x - 9. Let c(j) = 4*j**3 + 5*j**2 + 4. Suppose 0 = -0*r - 2*r + 6. Let t(o) = r*v(o) + 7*c(o). Determine t(-3).
1
Let m(d) = -26 - 10*d**2 + d**2 + 12 - d + 15. Let w(l) = -l**2 + 5*l + 7. Let z(r) = -7*r - 1. Let q be z(-1). Let u be w(q). Give m(u).
-9
Let s(g) = -11*g + 18. Let z(q) = 5*q - 9. Suppose -7*o = -36 - 27. Let b(u) = o*z(u) + 4*s(u). What is b(0)?
-9
Let i = -26 - -31. Suppose -52 = 4*l - 4*c, -4*l - 48 = -0*c - i*c. Let o = l - -24. Let u(j) = j**3 - 8*j**2 + 7*j - 2. Give u(o).
-2
Let k = -1691 + 1690. Let w(o) = -18*o**3 - o**2 + 2*o + 2. Determine w(k).
17
Let v(m) be the third derivative of m**6/120 - m**5/20 - m**4/12 - 2*m**3/3 - 42*m**2. Determine v(4).
4
Let j(m) = m**2 + 5*m - 4. Let l be j(-6). Suppose 2*c - 4 = c + 2*z, 3*c - 5*z = 12. Let a(d) = 3 - c*d + 5 - 6. Calculate a(l).
-6
Let z(x) = -5*x + 1. Let g(a) = -6*a - 1. Let u(j) = 2*g(j) - 3*z(j). Determine u(4).
7
Let q(v) = 2*v + 4. Let w(r) = 0 + 3*r + 6 - r + 3. Suppose -1 = 2*m + 11. Let t be w(m). Determine q(t).
-2
Let t(a) = a - 17. Let l be t(6). Let h = -7 - l. Let s(x) = 7*x**3 - 6*x + 0*x**3 + h + 5*x**2 - 6*x**3. Determine s(-6).
4
Suppose g - 4*g - 3 = -4*j, 3*j = -2*g - 2. Let a(q) = 6*q**2 - 13*q + 4. Let m be a(2). Let d(c) = -7*c**m - 15*c - 3 + 0 + 4 + 16*c. Give d(g).
-7
Suppose 3*v = -l + 11 + 1, 47 = 3*l - 2*v. Let j(m) = m - 20. Determine j(l).
-5
Suppose -5*o + 2*f - f = -17, -f - 2 = 0. Let p(m) = -3*m**2 - 2 - m**2 + 6*m**2 + o + m. What is p(-2)?
7
Let m = 162 + -159. Let v(j) = j**3 - 5*j**2 + 7*j - 1. Determine v(m).
2
Let w = -139 + 143. Let g(h) = 3*h - 2. Calculate g(w).
10
Suppose 17 = 5*j + 3*c, 4*c = 2*j - 12 - 0. Let f(i) = -3*i + 4. Calculate f(j).
-8
Let u(h) = 7*h + 13. Let w(i) = 8*i + 14. Let j(x) = 7*u(x) - 6*w(x). Suppose 40 = -5*k + 5. Calculate j(k).
0
Let k(y) = -2*y - 7. Let h be k(6). Let t = 24 + h. Let u(v) = -t + 4 + 4 - 3*v - 2*v. Calculate u(3).
-12
Suppose 0 = 2*y + 12 + 4. Let d(k) be the first derivative of -k**2/2 - 10*k + 78. Calculate d(y).
-2
Let m(x) = -x**2 + 8*x + 8. Let o(c) = -2*c**2 + 8*c + 8. Suppose 5*i = 4 + 11. Let v(t) = i*m(t) - 2*o(t). Determine v(-6).
-4
Let c(v) = 7*v**3 - 8*v**2 + 2*v + 3. Let n(p) = 3*p**3 - 4*p**2 + p + 1. Let k(r) = -2*c(r) + 5*n(r). Calculate k(3).
-7
Let m(p) = -p**3 - 8*p**2 - 6*p. Suppose -5*l = -2*u + 6 + 10, 4*l + 17 = 3*u. Let n = 18 + u. Suppose 3*z + n = -0. Give m(z).
-7
Let n(g) = 2*g**2 + g - 1. Let h(z) = z**3 - 4*z**2 - 12*z + 4. Let t be h(6). Suppose 3*y + 2 = -t. Calculate n(y).
5
Let p(x) = x**3 - 5*x**2 - 2*x + 6. Let f be p(5). Let z be (f/3)/((-22)/33). Let y(k) = -3 + 3*k + 8 - 3*k**2 + 4*k**z + 1. Calculate y(-4).
10
Let y be (-51)/8 + (190/80 - 2). Let u(i) = i**2 + 4*i. Give u(y).
12
Let l(z) = z - 6. Let u(a) = a - 1. Let q(y) = l(y) - 2*u(y). Suppose 0 = 2*w - 9 + 15. Calculate q(w).
-1
Suppose -u + 4*u = 18. Suppose -o = o - u. Let w(b) be the second derivative of b**3/6 - b**2/2 + 30*b. What is w(o)?
2
Let k(q) be the second derivative of q**5/20 - 5*q**4/12 - q**3/3 + 7*q**2/2 + 218*q. What is k(5)?
-3
Let u(l) = -1 + l**3 + 11*l - 23*l - 6*l**2 + 15*l + 3*l. Determine u(6).
35
Let j(g) = -2*g**3 + 10*g**2 + 29*g - 12. Let x be j(7). Let u(q) = q**2 + 5*q. Calculate u(x).
0
Let x(g) = g**3 + 4*g**2 + 2*g + 1. Suppose 5 + 3 = 2*y. Suppose y*h = w - 0*h + 10, 5*h = 3*w + 9. Suppose -f = -s + 3, f = w*s - 2 - 0. Calculate x(f).
-7
Let z be (-114)/(-6)*(0 - -1). Suppose 3*y - 18 = 4*v - 9*v, -4*y + z = 5*v. Let t(m) = -2 + y + 1 + m - 4. Determine t(6).
2
Let g = -66 + 73. Let o(q) = -3*q - 7. Determine o(g).
-28
Suppose 3*n - 4 - 2 = 0. Let k(d) = d**2 - 2*d + 3. Let x be k(n). Let z(m) = 3*m**2 - 4*m**2 - 3*m**2 - 24*m + 2 + 22*m + 5*m**2. Determine z(x).
5
Let n(j) = j**2 - 7*j + 2. Suppose -6*t + 12 = -6. Suppose 36 = -t*d + 12*d. Calculate n(d).
-10
Let j(p) = 2*p**3 + 2*p**2 + p - 3. Let m(h) = h**3 + 3*h**3 - 4 - 3*h + 5*h - h**3 + 3*h**2. Let v(n) = -4*j(n) + 3*m(n). Determine v(2).
16
Let r(m) = -3*m**2 + m + 1. Let n be r(-1). Let j = 5 + -2. Let d = n - j. Let s(v) = -v**2 - 6*v + 3. Give s(d).
3
Let t(h) = h**3 + 7*h**2 - 2. Suppose -64 = 17*a + 55. Determine t(a).
-2
Let a(k) = -k**3 + 7*k**2 + 10*k - 10. Let h be a(8). Let t = h - 5. Let f(u) be the second derivative of 7*u**3/6 + u. Calculate f(t).
7
Let m = -13 + 15. Suppose -5*t - 3 = -a, -6*t + 6 = m*a - t. Let u(s) = 4*s + 6. Let v(f) = -5*f - 7. Let n(r) = 6*u(r) + 5*v(r). What is n(a)?
-2
Suppose -8*h = 9 + 23. Suppose 2*n + 0*n - 10 = -4*s, 7 = 3*n - 2*s. Let a(o) = -2 - o + n*o - o. Calculate a(h).
-6
Let t(u) = 3*u - 4. Let q be 6*(20/(-4))/(-10). Calculate t(q).
5
Let a(z) be the second derivative of -59*z**3/6 - z**2/2 + 46*z. Calculate a(-1).
58
Let i(s) = -73 + 6*s - s + 40*s**2 + 74 - s**3 - 34*s**2. Determine i(6).
31
Let g(x) = -4*x - 4. Let m(f) = -8*f - 8. Let u(k) = 9*k + 9. Let t(c) = -7*m(c) - 6*u(c). Let d(j) = -2*g(j) - 5*t(j). What is d(-6)?
10
Let a(z) = -16*z**3 + 4*z**2 - z - 21. Let q(i) = 3*i**3 - i**2 + 4. Let x(o) = 2*a(o) + 11*q(o). Let g be 4*((-2)/4)/((-10)/20). Determine x(g).
10
Let w(r) be the third derivative of -r**6/120 + r**5/10 - r**4/8 + 5*r**3/3 - 5*r**2 + 22. Determine w(6).
-8
Let o(v) = -14*v**2 - v. Suppose -5*h + 2*h - 15 = 0, -3*u + h = -2. Let p(r) = r**2 + 2*r + 1. Let c be p(u). Let z be (2 - 4)/(2 - c). Determine o(z).
-13
Let j(z) = -2*z + 6. Let c(k) = -4*k**2 - 12*k - 13. Let t(q) = -9*q**2 - 24*q - 25. Let u(l) = -7*c(l) + 3*t(l). Let y be u(-11). Calculate j(y).
-4
Let w(g) = 0 + 4*g + 1 - g. Let d = 162 + -54. Let p be (-2)/9 - 3/(d/(-44)). Determine w(p).
4
Let g(o) = 5*o - 71. Let i be g(15). Let r(j) be the third derivative of 3*j**2 + 0 - 1/120*j**6 + 1/6*j**3 + 5/24*j**i + 1/20*j**5 + 0*j. Give r(4).
5
Let k(j) be the third derivative of -j**6/15 + j**5/60 - j**4/12 + j**3/6 - 8*j**2 - 2. Calculate k(1).
-8
Suppose -3*d - z + 14 = -5, 0 = 3*d + 4*z - 31. Let f(b) = -7*b + 19*b**2 + 24*b**2 + 18*b**2 - 60*b**2 + 5. Calculate f(d).
-5
Let o(p) be the third derivative of 0 + 1/2*p**3 - 2*p**2 + 0*p + 1/6*p**4. Suppose 3*s + 5 + 4 = 0. Calculate o(s).
-9
Let f(k) be the first derivative of -k**3/6